, 11*i - 8*i + 3*g - 12 = 0. Let s(b) be the first derivative of -3/2*b**i + b - 1. What is s(-1)?
4
Let z(p) = -p**3 - p**2 - p - 1. Let r(s) = -s**2 + 12*s - 8. Let d be r(11). Suppose 0 = k + d*o + 13, -7*k = -2*k - 5*o - 15. Determine z(k).
0
Let q(g) be the third derivative of 1/30*g**5 - 1/120*g**6 + 0*g - 1/3*g**3 - 1/12*g**4 + 4*g**2 + 0. Calculate q(2).
-6
Suppose -5*j + 0*j = 3*a - 19, j = 3*a - 7. Let p(q) = -q**j + q**2 + 3 + q**2 + q. Suppose -i = -2*x, 2*x = -3*x + 3*i. What is p(x)?
3
Let n(h) be the second derivative of 0*h**2 - 1/60*h**5 + 0 - 1/6*h**3 + 3*h + 3/8*h**4. Let b(w) be the second derivative of n(w). Determine b(6).
-3
Let d be ((-18)/(-15))/(6/15*-1). Suppose -3*f = w + 2, 4*f = 3*w + 2*f + 28. Let n = w - d. Let a(p) = -p - 4. Calculate a(n).
1
Let v(k) = -4*k**2 - 6*k - 13. Let h(a) = -3*a**2 - 5*a - 12. Let j(d) = -5*h(d) + 4*v(d). Let m = -1 + 1. Give j(m).
8
Let q(r) = r**3 - 6*r**2 + 2*r - 8. Suppose -4*i + 33 = w + 5, -2*i + w = -8. What is q(i)?
4
Let r(u) = -u**2 + 1. Let d(f) = f**2 - 9*f - 6. Let n be d(10). Suppose 32 = -4*b + n*v, 0*b = -5*b - 3*v. Let p be (-5)/(20/b)*-4. Calculate r(p).
-8
Let d(l) = 4*l + 2. Let w(f) = -9*f - 4. Let m(g) = -7*d(g) - 3*w(g). Let r = 2 + -2. Calculate m(r).
-2
Let v = -2 - -4. Let f(h) = -h + h**v + 0*h**2 + 2*h + 4*h**2. Calculate f(1).
6
Let j(z) be the first derivative of 0*z + 4 - 3 + 7*z + 3 + z**2. Calculate j(-6).
-5
Let q(u) = -u**2 - 4*u + 5. Let s be q(-5). Let a(n) = -n**3 + n**2 - n + 1. Let i(y) = -5*y**3 + 4*y**2 - 3*y + 11. Let k(v) = -4*a(v) + i(v). Calculate k(s).
7
Suppose -4*m + m = a - 3, -2*a - 5*m = -4. Let s(t) = t - 4 + 0 + 7. Let w(d) = -d - 3. Let z(n) = -6*s(n) - 7*w(n). Determine z(a).
0
Suppose -q = -2 - 0. Suppose 2 = q*f - 4. Let j(r) = r**2 - 5*r + 3. Determine j(f).
-3
Let m(w) be the second derivative of 1/20*w**5 - 1/3*w**3 - 3*w - 1/4*w**4 + 0 + 0*w**2. Determine m(4).
8
Let u(k) be the third derivative of k**4/8 + k**3/3 - k**2. Determine u(-5).
-13
Let q = -13 - -24. Let z(f) = 3*f - f**2 - q - 3*f + 5*f - 6*f. Give z(0).
-11
Let p(m) = -5*m - 3 - m**2 + 3*m + 3. Let j(x) be the third derivative of x**4/12 - 2*x**2. Let b be j(-2). Determine p(b).
-8
Let s(n) = n**2 + 3*n - 3. Let v(r) = -r. Let a(q) = -s(q) + 3*v(q). Let u(y) = -y**3 - 6*y**2 - 6*y - 12. Let l be u(-5). Determine a(l).
-4
Let u(h) = h**2 - 5*h + 1. Suppose -5*z + v + 114 = 17, -z + 17 = v. Let t = z + -13. Determine u(t).
7
Let i(a) = -38*a**2 + 2*a**3 + 38*a**2. Determine i(-2).
-16
Let b(k) = -2*k - 3. Let i(l) = 2*l + 2. Let a(g) = 2*b(g) + 3*i(g). Let h(d) = -d + 6. Let n be h(5). Give a(n).
2
Let t(u) = u**2 - 8. Suppose 3*c + 1 = -2*i - 4, 2*c = 3*i - 12. Suppose 3*j = 3*f + i*f, -2*f = 0. Calculate t(j).
-8
Suppose v + 2 = -j - 0, -3*j + 3*v + 24 = 0. Suppose 4*s - 5 = j. Let u(n) be the third derivative of n**4/8 + 22*n**2. Give u(s).
6
Let y be (3/6)/(2/4). Suppose -3*g - 14 = y. Let m(w) be the first derivative of w**3/3 + 7*w**2/2 + 6*w + 1. Determine m(g).
-4
Let m(v) = v**2 - 2. Let o be m(2). Suppose -2*b - 26 = -o*h - 2*h, b = 3*h - 17. Let y(w) = -w**2 - 4*w. Calculate y(b).
-5
Let p(s) = -3*s - s**2 + 1 + 0*s + 2*s + 4*s. Give p(-2).
-9
Let q(g) = -g**2 - 5*g - 1. Let n be 5/(-20) + (-22)/8. Give q(n).
5
Let y = 8 + -5. Let q(o) = 0*o + y*o + 0*o. Give q(-1).
-3
Let n = -3 - -5. Let a(c) = -3*c**n - 5*c - 3 + 2 + 4*c**2. Calculate a(4).
-5
Let g(v) be the third derivative of v**9/60480 + v**8/4032 + v**7/1680 + v**6/360 + v**5/30 + 6*v**2. Let x(m) be the third derivative of g(m). Determine x(-3).
11
Suppose -z - 5 + 2 = 0. Let p(c) = c**2 + 2*c + 2. What is p(z)?
5
Suppose 2 - 8 = -3*m. Suppose 4*w - m*w - 16 = 0. Suppose 0*y = l - 2*y - 2, -4*l + 5*y = -w. Let a(i) = 2*i - 3. Determine a(l).
1
Let x(a) = 33*a**2 + 2 - 32*a**2 - 5*a - 1. What is x(4)?
-3
Let u(b) = -b**3 + b**2 + 3*b - 2. Suppose 5*n - 30 = -0*n. Let p be 3 - ((3 - n) + 4). What is u(p)?
0
Let m(o) = -o**3 - 3*o**2 + 2*o - 3. Let a(i) = i + 0*i**3 + 2*i - 4*i - i**3. Let t be a(-2). Let l = 7 - t. Calculate m(l).
-9
Let a = 8 + -6. Let n(l) = l + a*l - 17 - 4*l + 5. Let v be (0 - 5/2)*2. Give n(v).
-7
Let v(q) = 7*q**2 + 3*q - 3. Let f(c) = -6*c**2 - 3*c + 2. Let h(i) = 6*f(i) + 5*v(i). Calculate h(-2).
-1
Let o(f) be the second derivative of -f**4/12 + 7*f**3/6 - 3*f**2 + 37*f + 1. Give o(5).
4
Suppose -2 = r - 4. Let k(n) = 2*n**2 - n - 2. Let q be k(r). Let f = -3 + q. Let w(x) = 7*x**3 - 2*x**2 + 1. Determine w(f).
6
Let h(x) be the third derivative of x**6/240 + x**4/24 - 4*x**2. Let a(q) be the second derivative of h(q). Give a(2).
6
Let j(s) = s**3 - 4*s**2 - 2*s + 6. Let x(t) = -2*t + 8. Let n be x(0). Suppose -6*q - 8 = -n*q. Give j(q).
-2
Let z(d) = 10*d - 3*d**3 + 2 + 2*d**3 + 6*d**2 - 17*d. What is z(5)?
-8
Let s(a) be the second derivative of -5*a**3/6 - a**2/2 - 4*a. Let b be s(-1). Let d(x) = x**2 - 3*x + 5. What is d(b)?
9
Suppose -5 = -4*l - 9. Let o = -7 - -12. Let v = l + o. Let f(b) = -b**3 + 5*b**2 - 2*b - 1. Determine f(v).
7
Let u(n) = n**2 - 4*n - 6. Suppose -s + 3*s - 12 = 0. Determine u(s).
6
Let t(q) = -q**3 - 4*q**2 - q - 1. Let v = -39 + 36. Calculate t(v).
-7
Let t = 6 + -1. Let j = t + -8. Let z(l) = 2*l**2 + 4*l - 1. Give z(j).
5
Suppose z - 3*z - 6 = 0. Let y(r) = r**2 + r - 1. Let h be y(z). Let m(t) = -2*t**3 + t**3 - 2 + 0*t**3 - 4*t + 6*t**2. What is m(h)?
3
Let g(w) = -5*w**2 - 3*w + 3. Let b be (-6 + (-11)/(-2))/((-1)/4). What is g(b)?
-23
Let d(m) = -3*m**2 + 8*m - 21. Let h(g) = -2*g**2 + 4*g - 11. Let j(r) = 3*d(r) - 5*h(r). What is j(-7)?
13
Let x = -2 + 3. Suppose x = i + 4. Let j(c) = c**3 + 2*c**2 - c + 4. What is j(i)?
-2
Let j(q) = -q**2 + 1. Let k(t) = -7*t**2 + 4*t + 3. Let s(d) = -6*j(d) + k(d). Calculate s(2).
1
Suppose -2*w - 16 = 4*u, -6*u - 9 = w - 3*u. Let r be (w - -4) + -1 + -1. Let v(z) = 2*z**2 - z**3 + 2*z**2 + 2*z - 7*z**2 - 3. What is v(r)?
5
Let g(d) be the third derivative of 0 + 1/3*d**3 - 1/60*d**5 + 0*d**4 + 3*d**2 + 0*d. Let v = 0 - 0. What is g(v)?
2
Let v(d) be the second derivative of d**4/12 + d**3/2 - d**2 - 15*d. Calculate v(-4).
2
Let m be (-24)/(-9)*3/4. Suppose -z + 7 = 2*p, -z + 5*p - 23 + m = 0. Let j(q) = 11*q + 1. Give j(z).
-10
Suppose 3*j - 19 = 5*q, -42 = -4*j + 4*q - 14. Let p(n) = -2*n**2 + 10*n**2 + 4 - 4*n - j*n**2 - n**2. Let b be (10/6)/((-1)/3). Determine p(b).
-1
Let r(n) be the third derivative of n**6/120 + n**5/10 - n**4/12 - n**3 - n**2. Suppose v + 4*h - 12 = 0, 12 = -h - 3*h. Suppose 3*b - v = 7*b. Give r(b).
6
Suppose 3*l - 6*l = 9. Let v(j) be the third derivative of -j**6/120 - j**5/15 - j**4/24 + 2*j**3/3 + 51*j**2. Determine v(l).
-2
Let d(f) = f**3 - f**2 - 2*f - 1. Let a(w) = -5*w + 6*w - 4*w**2 + 3*w**2 + 10*w + 11. Let i be a(12). Calculate d(i).
-1
Let k(o) = -8*o**2 + 8*o - 7. Let r(g) = 15*g**2 - 15*g + 13. Let x(l) = -11*k(l) - 6*r(l). Calculate x(3).
-13
Let i = -11 + 5. Let m be 22/(-4) + (-3)/i. Let s(y) = y - 1. Let c(v) = -4*v - 2. Let w(o) = m*s(o) - c(o). Give w(3).
4
Let m = 4 - 2. Let c(q) = -q**3 - 2*q**2 - 2*q - 2. Let g be c(-2). Let n(r) = -r + 5*r**g - 2*r**2 + 1 + 2*r - 2*r**m + r**3. What is n(0)?
1
Let j(x) = x - 2. Let b be j(3). Let a(t) = t**2 + t - 1. Give a(b).
1
Let b(d) = 5*d - 3. Let s(o) = 6*o - 4. Let t(q) = 3*b(q) - 2*s(q). What is t(-4)?
-13
Let n(j) be the first derivative of j**2/2 + 2. Let r(x) = -6*x + 4. Let d(v) = -4*n(v) - r(v). What is d(4)?
4
Let n(v) = -2 + 4*v - v**2 - 5 + 4*v. Give n(6).
5
Let m = 11/6 - 1/3. Let g(x) be the first derivative of -m*x**2 - 1/3*x**3 - 2 + 2*x. Determine g(-3).
2
Let d(r) = -5*r**2 - r**3 - 63*r - 6 + 62*r - r**2. Give d(-6).
0
Let g(j) = 5*j + 5*j**2 + 4 - j**2 - j - j**3. Let w = 17 + -5. Let r = w - 7. Determine g(r).
-1
Let b be 2 - (0/(-2))/(-1). Let u(q) = 14*q - 7*q**b - 3 - 14*q. Let k(t) = 4*t**2 + 2. Let y(o) = -5*k(o) - 3*u(o). Determine y(3).
8
Let b be 1*2*(2 - 1). Let a(j) = 2*j - 5. Let g be a(4). Let q(w) = -2 + b*w + 1 - 7 + g. Give q(5).
5
Let d = -29 - -45. Suppose 2*x = -4*m, 0 = -5*x + 4*m + 12 + d. Let y(v) = -x*v - 2*v + v. What is y(1)?
-5
Let y(n) = n + 2*n - 3*n + n. Determine y(4).
4
Let g(w) = -2*w**2 + 4*w - 2. Suppose -3*p + f + 21 = 4*f, -p = -5*f + 23. What is g